 + 128) - 4.
44
2 - (3 - 15) - ((7 - -14) + -17 - -84)
-74
Calculate -14 + 12 - (8 + -21 + 14).
-3
Evaluate (-46 + -2 - (174 - 169)) + (2 - 1).
-52
Calculate -12 - (68 - (-5 + -2 + (7 + -14 - -15))).
-79
What is the value of (10 + -61 - 10) + 62?
1
Evaluate (-97 + 59 - 20) + -19.
-77
What is the value of (107 - 63) + -17 + 2 - -2?
31
Evaluate (-108 - -21) + 107 + 0 + -2 + -33.
-15
What is 37 + (2 + 14 + -28 + 4 - -13)?
42
Calculate 9 + -8 + 73 + (-5 - 2) + (0 - -11).
78
Calculate -7 - -9 - -8 - (2 - (-15 - -12)).
5
What is 5 - (54 + -30 + 26)?
-45
What is the value of 1 + 13 - (15 - (-35 + 54)) - 2?
16
-5 - ((-23 - -29 - -15) + -42)
16
Evaluate 34 - ((1 + 14 - (-412 - -410)) + -38).
55
Calculate 3 - (-5 + -41 + 20 + -19 + 3 + -1).
46
Evaluate (-2 - -3) + (11 - 0 - (3 - (40 + -64))).
-15
Evaluate -6 + (16 - (0 + 13) - (-1 - -14)).
-16
-1 + 1 - -36 - (7157 - 7163)
42
Calculate 11 - 0 - (8 - 13).
16
(35 - (51 + -6)) + 8 - (1 + 18)
-21
Calculate 2 + -22 + (-181 - -229).
28
Calculate -77 + -70 - -94 - 31.
-84
Calculate (4 - (11 - 4)) + (35 - (-14 - -7 - -9)).
30
Calculate -2 + -37 + -12 + 35 + (3 - 10).
-23
Evaluate (-43 - -43) + (37 - (0 - -1) - (-2 - -1)).
37
Evaluate 21 - -27 - (-49 + 75).
22
(-10 + 4 - -9) + 15 - (21 + -14)
11
Calculate -12 + (44 + -20 + 18 - (0 - -1)).
29
Calculate -9 - (14 + -24 + 22 + 59).
-80
What is (2 + 6 - 1 - (-63 + 40 + 11)) + -7?
12
What is (-22 - (-22 + 9)) + (6 - -1) + 7?
5
What is the value of -12 + (27 - 2 - (18 + (10 - 28)))?
13
(-75 - (-54 - -32)) + (-10 - -35)
-28
-38 - (47 - (10 - -36))
-39
What is 0 + -50 + (9 - (-23 - -30) - 33 - -23)?
-58
Calculate -56 + -4 - (-1 + -18 - (0 + -2)).
-43
Calculate -20 + (2 - 2 - -18 - 19) - (0 - 7).
-14
What is the value of 5 - (-2 + 10 - (-236 - -211))?
-28
Calculate 15 + (-10 - (-3 - -5) - -28) + 5.
36
Calculate 149 + 16 + (137 - 261).
41
What is the value of (-133 - -95) + (114 - (15 + -34))?
95
What is (-15 - 7) + 4 - (9 + -27)?
0
What is the value of (-47 - (-51 + 26 + 0)) + 42?
20
Evaluate -17 + (55 - 82) - 0.
-44
Evaluate -42 - (4 + -3) - ((-11 - -7) + 7 + 0).
-46
-170 + 172 + -1 + 7 + -5
3
Calculate 69 + -22 - (-8 - (-15 + 6 + 5)).
51
What is the value of (-18 + 65 + -143 - -47) + (-2 - 20)?
-71
What is -78 + 65 + -74 + 137?
50
Calculate 11 + -144 + 99 + -2.
-36
Calculate -15 + ((3 - 10) + 12 - 3).
-13
Evaluate 10 + -20 - (1 + (-4 - -20)).
-27
What is the value of (-2 - -39) + (-38 - (-98 + 130))?
-33
What is the value of 99 - (-20 + 57 + -12) - (6 - -1)?
67
Calculate (-9 + 24 - -7) + -5 + -5 + -6.
6
Evaluate (112 + -216 - -109) + (-4 - -4 - 88).
-83
Evaluate (770 - 803) + -1 + 41.
7
Calculate -44 + (-17 - (-71 - 30)).
40
Evaluate (374 - 120) + -253 + (0 - (1 + 1)).
-1
Calculate -18 - ((-71 - 1) + (192 - 205) - -15).
52
What is (39 - 105) + 79 - 91?
-78
What is the value of -45 + (32 - 4 - (-45 - -132))?
-104
Evaluate 5 + (32 + -25 - 15) - (0 - -20).
-23
What is the value of 0 + 0 - (-505 + 511)?
-6
Evaluate 1 + 22 - (-62 - (-131 + 44)).
-2
What is -2355 + 2298 - (-180 - -2)?
121
(-3 - (-9 - 2)) + 449 + -474
-17
What is -8 - ((-33 - -36) + 89 + -8 + 4)?
-96
What is 9 + (11 - 16) + 9 - -12?
25
-44 + -20 + 6 + 38 - (1 - -112)
-133
3 + -6 - (-53 + -16 + 13 + 18)
35
What is -45 + 38 + 1 - (-1 + 15)?
-20
Calculate 1 + -99 + -3 + -1 + 1102 + -1097.
-97
-385 - -303 - (1 + -9 - -8)
-82
What is -18 - (17 - -14 - 46)?
-3
What is (-110 - -190) + -47 + 46?
79
What is the value of 116 - (87 - 142) - 116?
55
Evaluate 92 + -126 + 51 - -81.
98
Calculate (61 - (-54 - -59)) + -74.
-18
Evaluate -39 + 2 + (53 + 75 + -145 - (-33 - -2)).
-23
Calculate (-63 - (-36 - -28)) + -2.
-57
What is the value of 24 - (17 + (64 - -9)) - (3 + -5 + 0)?
-64
What is the value of (1 - 1) + 58 + -133 + -12 + (-2 - -21)?
-68
Evaluate 83 + 83 + 82 + -332.
-84
2 + (17 - (-6 - 30)) + -14
41
What is the value of -86 - (-64 + 95 - 95)?
-22
What is the value of (40 - (41 + 4)) + -30?
-35
Evaluate (-16 - -16) + -39 - -6.
-33
38 - (-18 - -19 - -56)
-19
Evaluate 26 + (-144 + 35 - -39).
-44
Evaluate 23 + -2 + (14 - 6) + (-13 - -7).
23
What is 0 + (2 - -78 - 0) - (199 + -18 + -183)?
82
(13 + (-96 - -88) - (33 - 0 - -2)) + -4
-34
What is (9 - 51) + (18 - (-2 - (-7 + 7)))?
-22
Evaluate (-27 - -12 - -24) + -115.
-106
What is -1 + (1 + 0 + -6 - -13) - (71 + -102)?
38
What is 0 - (-26 - -48 - 92)?
70
What is (-3 + -1 - (-1 - 29)) + (-13 - (-25 + 24))?
14
-4 - (36 + -3 + -6 + 4)
-35
Calculate 22 + (-31 + -2 - -14) - -12.
15
Calculate 11 - (-2 - (-38 + -38 + 37)).
-26
Calculate -1 + 46 + -1 + -111 + (1 - 9).
-75
Evaluate 18 - -2 - (32 + (10 - 32)).
10
Calculate 8 - (-1 + 12 + 0 + 2370 + -2374).
1
Evaluate (1 - 20) + 30 + -58 + 76.
29
Calculate 25 + (20 - 69) + 28.
4
What is the value of (-57 - -102) + -20 + 42 + -6?
61
What is the value of 333 + -386 - (-2 - (0 + 8))?
-43
What is the value of (-15 - 17) + 21 + 47 - -48?
84
What is the value of 42 - (45 - (31 + 16))?
44
Calculate 51 + (-61 - -93) + -31.
52
Evaluate -95 - (14 + 2 + 21 - 60).
-72
(-172 + 129 - (-30 - 11)) + 4 + -1 + 1
2
What is the value of (214 - (79 - 10)) + -190?
-45
Evaluate (5 - (2 + -1)) + 85 + -168.
-79
What is the value of (0 + 0 - (-9 + 10) - -13) + 19?
31
What is the value of 105 + -95 + (98 - 3) + 1 + -18?
88
What is (219 - 222 - (-72 - 2)) + -21?
50
What is the value of 186 + -221 + (13 - 4 - -5)?
-21
Calculate (11 + -18 - -18 - -11) + -3.
19
What is the value of 4 + 21 - (0 + 13) - -38?
50
What is (-6 + (2 - 2) - (-131 - -131)) + 38?
32
Calculate 447 + -448 - (2 - (3 + 0) - (34 + 4)).
38
Calculate 89 + 2 + -2 + (4 - -8) + -8 + 11.
104
What is 0 + 3 + 6 + (-18 - -69 - -2) + -3?
59
What is (-412 - -349) + (-2 - 4)?
-69
(1 - 32) + 20 + (-1 - (-7 - -18))
-23
Evaluate 33 + -76 + 8 + 65.
30
What is the value of -7 + 27 + -14 - (3 + (-7 - -10) + -47)?
47
-55 + -9 + (58 - (88 + -35))
-59
What is the value of -122 + (-7 + (6 - 3) - (-88 + 6 + 80))?
-124
Evaluate -186 + 239 - (1 - -35).
17
Calculate 6 + (-3 - (51 + -2 + 2)) + -200 + 205.
-43
What is the value of (-83 - -1) + (-9300 - -9489)?
107
9 - (-25 - -11) - (2 + 14)
7
Evaluate 82 - (195 + -54 - 69).
10
Evaluate -76 - (85 + -60 - 83).
-18
Evaluate -17 + (-4 - -8) - -33 - (-8 + -1).
29
What is 62 + 5 + (-7 + -6 - (-5 + 6 + -2))?
55
What is the value of 12 + -12 + 12 - -9?
21
Evaluate 1 + (-8 - (38 - 30)) - -8.
-7
Calculate 2 + -75 - (10 - (74 + -59)).
-68
What is the value of (-1 + 91 - (2 + -2 + -2)) + (65066 - 65072)?
86
What is (-16 - -19) + 7 - (1 - -18) - -12?
3
What is the value of 28 - 20 - (0 + (-4 - -9) + 12)?
-9
What is the value of -30 + (-24 - (-79 - -58))?
-33
What is 2 - (21 - 29) - (7 + -10 + 15 + -1)?
-1
What is 47 + (28 - 43) + -17?
15
Evaluate -58 + 100 - 13 - (14 - (-7 + 14)).
22
What is -9 - -6 - ((-7 - -4 - -16) + -2)?
-14
What is the value of -3 + 1 + -114 + 44 + 7?
-65
Calculate 26 + -7 + -16 + 0 + 8.
11
Calculate 1 + 1 + -1 - (243 - 186) - 11.
-67
Evaluate -174 + 33 + (-1 - 4 - -22) - -13.
-111
Evaluate (-8 + -2 - -8) + 16 - (1 + -2).
15
Calculate -4 + 2 - ((-14 + -1 - -30) + -9 + 20).
-28
-81 + 17 + 47 + 62
45
What is 14 - (-1 + 11 + (3 - 30)) - -12?
43
-291 - -231 - (-14 + (2 - 7))
-41
What is the value of 1 + 23 + -74 + -4 + 11?
-43
What is -22 + (21 - (-2 - -4)) - 14?
-17
17 - (-67 + 38 + 65)
-19
Evaluate (2 - (9 - 6) - (0 - -9)) + (136 - 138).
-12
Evaluate -25 + (-30 - 20) - -51.
-24
Evaluate -13 + 18 + (-3 - -52) + 0 + 1 + 6.
61
(15 - 87 - 24) + 64
-32
What is (-3 - -1) + -7 - (1134 + -1098)?
-45
What is the value of 5 - (19 + 1 + (10 - (15 - 10)))?
-20
Evaluate -12 - (1 - (36 + -21) - -7).
-5
1 + -30 + (17 + (-18 - -26) + -8 - 9)
-21
Evaluate (36 - -6) + (-15 - 55) + -62.
-90
-57 + 1 + 2 + 361 + -344 + -11
-48
Calculate 4 + -47 + 523 + -459 - (-1 - -38).
-16
What is the value of (192 - 29) + -183 - (10 + 1 - (1 + 1))?
-29
Calculate 0 + -4 + (-2 - -44) + -2 + 6 + -8.
34
What is (-85 - (-39 - 41)) + -8?
-13
What is -4 - (-27 + 37 + -19 + -1)?
6
(99 - -31) + -127 + (4 - 1)
6
Calculate -13 - (4 + -4 + -8 - (-47 - 5)).
-57
12 + 41 + -68 + 12
-3
12 + 58 + -26 + (1 + -4 - -15)
56
Calculate -6 - ((2 - -3) + -8) - (0 + 0 - -73).
-76
Evaluate (-252 - -328) + (11 - (-9 - (-8 + 1))).
89
Evaluate -48 - -112 - (-10 - (17 + -17 + -9)).
65
Calculate -95 + 146 + (80 - 199).
-68
Calculat